tors of j?
2, 29
What are the prime factors of (-2710484)/(-406) - 2/29?
2, 1669
Let o be (2*2/(-6))/((-1)/(-6)). Let z be -2 + 2 - (-5 + (-20)/o). Suppose z = 4*k - f - 92, 3*k + 0*k = -f + 62. List the prime factors of k.
2, 11
Suppose 1995 = -16*d + 21*d. Suppose -2*f + 1361 = d. What are the prime factors of f?
13, 37
Let u(s) = -6*s**3 + 84*s**2 - s + 19. Let n be u(14). Suppose x - 2273 = -8*h + n*h, 5*h - 3*x - 3807 = 0. What are the prime factors of h?
3, 11, 23
Let f = -16 + 22. Suppose -z + 750 = -f*z. Let o = -71 - z. List the prime factors of o.
79
Let u(d) = 7*d + 28. Let f be u(-4). Let k = -3 + f. What are the prime factors of ((-102)/12)/(k/78 + 0)?
13, 17
Suppose 3*y - v - 1743 = 4157, -3*y - 5*v = -5924. What are the prime factors of y?
2, 3, 41
Suppose 0 = 5*b - 4*b - 2, -9 = -3*s - 3*b. Let i be (s - 5) + -1 + -330. List the prime factors of (1*i/(-10))/(1/4).
2, 67
Suppose -16*g - 48*g - 39545 + 284025 = 0. List the prime factors of g.
2, 5, 191
Let y(p) = -p - 3. Let w be y(10). Let n = 13 + w. Suppose -4*x + 252 = -n*x - z, 0 = -5*x + z + 314. List the prime factors of x.
2, 31
Let k(g) be the second derivative of g**5/20 - g**4/4 - 2*g**3 + 7*g**2/2 + 3*g. Let h be k(5). What are the prime factors of (-15 - 1)*-1*h/(-4)?
2, 3
Suppose -36*v + 35*v = -28. List the prime factors of -2*-2330*7/v.
5, 233
Let v(p) = -p**3 - 9*p**2 + 15*p - 9. Let n be 8/(-16) + 18/4. Suppose 0 = -2*c + n*c + 22. List the prime factors of v(c).
2, 17
Suppose -48*r = -50*r + 57*r - 155870. List the prime factors of r.
2, 13, 109
Let b(z) = -z**2 + 15*z + 30. Let r be b(17). What are the prime factors of (-6)/r*((-6398)/(-21) - 8)?
5, 89
List the prime factors of 2 - ((-93136)/24 - (-1)/(-3)).
11, 353
Suppose -2*k + 2*l + 764 = 0, l = 2*k - 0*k - 764. Let b = 5056 - 4870. Let j = k - b. What are the prime factors of j?
2, 7
Suppose -55*b = -53562 - 484613. What are the prime factors of b?
5, 19, 103
Suppose 5*h - 43106 = -9*h. Let c = 4489 - h. What are the prime factors of c?
2, 3, 5, 47
List the prime factors of (-4)/6 - 4520/(-3) - (0 + -2).
2, 13, 29
Let q be 8 + 19/(57/18). List the prime factors of (1 + (-1 - -3))*q.
2, 3, 7
Let y(x) = x**3 + 12*x**2 - 15*x - 2. Suppose -22*q = -24*q + 52. Suppose 30*s + q = 28*s. List the prime factors of y(s).
2, 3
Suppose -a + 7 = s - 2*s, 5*a - 29 = -s. Suppose 5*j - 3*o = -629 + 2813, -1299 = -3*j - 2*o. Suppose 0 = -a*v + 11*v - j. List the prime factors of v.
3, 29
Let a = 539 + -539. Suppose a = -49*b + 12*b + 58164. What are the prime factors of b?
2, 3, 131
List the prime factors of ((-45384)/7)/(-12) + (-4)/14.
2, 3, 5
Let r = 50080 + -25970. What are the prime factors of r?
2, 5, 2411
Let h(z) = 31*z + 113. Let m be h(0). Suppose 656 - m = a. List the prime factors of a.
3, 181
Suppose 0 = -51*t + 6*t + 41850. List the prime factors of t.
2, 3, 5, 31
What are the prime factors of 5*(-27)/(-90)*2884/3?
2, 7, 103
Suppose -287577 = -29*z - 90609. List the prime factors of z.
2, 3, 283
Let v(o) = 3*o**2 - 114*o + 21. Let t = -258 + 297. List the prime factors of v(t).
2, 3, 23
Let y be (4 - -1 - 1) + -22 + 21. Suppose y*b - 3 = x + 328, 4*b = 2*x + 444. Let o = 214 - b. List the prime factors of o.
3, 5, 7
Let h(n) = n**2 + 2*n - 2. Let t be h(-2). Let b be -2 - 0/t - -5. Suppose -5*y = -5*p - 155, 5*p + 50 = y + b. What are the prime factors of y?
3
Let n = -1720 + 3075. Suppose -n = -4*t + 5*v, -326 = -t - 0*t - 3*v. What are the prime factors of t?
5, 67
Suppose 1344 = 7*s - 322. Let k(t) = 2*t + 2. Let v be k(-1). Suppose 0 = -3*b - 2*h + 189, -4*b + 3*h - h + s = v. List the prime factors of b.
61
Let c be (-5238)/(-4) + (-49)/(-98). Let t = c + -714. What are the prime factors of t?
2, 149
Suppose 1164605 = 36*u + 59*u. List the prime factors of u.
13, 23, 41
Let k be 160/(-400) - (1 - (-137)/(-5)). Suppose -20*y - 8148 = -k*y. List the prime factors of y.
2, 7, 97
Let u(h) = 5*h**3 - 5*h**2 - 33*h + 207. Let v(f) = 3*f**3 - 3*f**2 - 22*f + 138. Let s(o) = -5*u(o) + 8*v(o). What are the prime factors of s(-11)?
2, 821
Let c be (390/(-20))/(2/(-20)). Let l = -229 - -234. Suppose c - 50 = l*t. List the prime factors of t.
29
Let s(m) = m + 4. Let g be s(0). Let y = 122 + -84. Suppose v = g*b + y, -v + b + 0*b = -35. What are the prime factors of v?
2, 17
Suppose -5*w = -3*k + 27, 9*k - 5*w + 36 = 13*k. Let t(a) = 17*a - 46. Let r be t(k). Suppose r - 1373 = -6*u. List the prime factors of u.
211
Let t(i) = i**3 + 12*i**2 - i + 1. Let p be t(-12). Suppose -14*u + p*u = -814. List the prime factors of u.
2, 11, 37
What are the prime factors of (0 + 98)*-56*24/(-128)?
3, 7
Let y(v) = 1277*v**2 - 26*v - 80. List the prime factors of y(-4).
2, 2557
What are the prime factors of ((-18)/3 + -3)/(21/(-176288))?
2, 3, 787
Suppose -5949 = -n + 2*w, -3*w + 2368 + 3561 = n. What are the prime factors of n?
13, 457
List the prime factors of (-14)/(-4) - 4 - 8/(96/(-191658)).
15971
Suppose -8*t - 15 = 1. What are the prime factors of 200 - (-2 - 0 - t)?
2, 5
Let m(k) = 6*k**2 + 33*k - 629. What are the prime factors of m(-56)?
16339
Let t(p) = 577*p - 597. What are the prime factors of t(16)?
5, 11, 157
Let d(v) = -2*v**2 - 47*v + 51. Let z(h) = 4*h**2 + 95*h - 102. Let j(r) = -13*d(r) - 6*z(r). What are the prime factors of j(-29)?
2, 13, 17
Let f(p) = 23*p**2 - 15*p - 6. Let g be f(-7). Suppose 2*b - 1606 = g. Suppose 4*j = 10*j - b. What are the prime factors of j?
2, 59
Suppose 5 = -2*h + k, -2*h + 3*h + k + 1 = 0. Let l = 6 + -36. List the prime factors of 460/l*3/h.
23
Suppose 0 = 5*o + 3*k - 36, k = -o - 0*k + 8. List the prime factors of ((-662)/o)/((-12)/36).
331
Let a = -3418 - -15786. What are the prime factors of a?
2, 773
Let u be (-5)/(-2*(-3)/(-4404)). Suppose -x + 11*x - u = 0. What are the prime factors of x?
367
What are the prime factors of ((-20120)/(-25))/(2/60)?
2, 3, 503
Suppose 5*q - 3*u - 29250 = 0, -1080*u = 4*q - 1085*u - 23413. List the prime factors of q.
3, 1949
Let f(a) = 3*a - 11. Let j be f(4). Let d be ((-8)/(6 + -4))/j. What are the prime factors of 2816/33 - d/6?
2, 43
Suppose 2*w - 565 - 629 = 0. Suppose -2*g + 1219 = -k, -16*g - w = -17*g - 2*k. List the prime factors of g.
607
Suppose -5*q + 1077 - 4482 = -3*s, -4*s + 4569 = 3*q. Suppose 3*t - s = 327. What are the prime factors of t?
3, 163
Let y(m) = 479*m + 155. What are the prime factors of y(11)?
2, 3, 113
Let x(b) = -b**3 + 76*b**2 - 176*b - 372. List the prime factors of x(72).
2, 3, 641
Suppose -5*x + 14680 = 2*s, 2*s + 1389 = 2*x - 4497. What are the prime factors of x?
2, 13, 113
Suppose 3*w + 31 = 28, -i - w = -52. List the prime factors of i.
53
Let d(a) = 115*a**3 + 7*a**2 - 19*a + 27. List the prime factors of d(2).
937
Let o = 25 + -22. Suppose -3*m - o*b = -7*m - 427, -b + 319 = -3*m. What are the prime factors of (-2)/(4/(-6) + m/(-168))?
2, 7
Let l = 3453 + -2183. What are the prime factors of l?
2, 5, 127
Suppose -9*l = -49856 - 13927. What are the prime factors of l?
19, 373
Let w(i) = i**3 + 4*i. Let o be w(0). Suppose 0 = 2*g + 2*v - 1458, 2*v = -g - o*v + 734. List the prime factors of g.
2, 181
Let q(a) = 2*a**2 + 33 + 16*a**2 - 5 - 6*a + 46*a**2 + 31*a**2. What are the prime factors of q(3)?
5, 173
Suppose -4*l + l - 353 + 2882 = 0. What are the prime factors of l?
3, 281
Let m = 760 + -205. Suppose 11*d - 4406 - m = 0. What are the prime factors of d?
11, 41
Let a = -188 - -239. List the prime factors of -144*-4*a/18.
2, 3, 17
Suppose -4*z - 96746 - 70714 = -4*b, 41881 = b - 5*z. List the prime factors of b.
41, 1021
Let w be (152328/(-330))/(1 - (-3)/(-5)). Let z = 1678 + w. What are the prime factors of z?
2, 131
Let z = -73 - -36. Let w = 46 + z. Let m = 20 + w. What are the prime factors of m?
29
Let p = -41 + 49. Let n be (-1)/(-3)*(p + -8). What are the prime factors of 1*59 - n/2?
59
Let k(v) = -v**3 - 6*v**2 - 4*v - 6. Let s be k(-5). Let i be s/33*(-1194)/2. Let g = i - 132. List the prime factors of g.
67
Let p be (-1132)/3*(-60)/80. Let g = p - -228. What are the prime factors of g?
7, 73
Suppose 7*c + 5120 = -13*c. Let f = 555 + c. List the prime factors of f.
13, 23
Let a(f) be the first derivative of 2*f**3/3 - f**2/2 + 37*f - 10. What are the prime factors of a(5)?
2, 41
Let